8 + (4 - 1) + -18).
-14
What is the value of (-43 - (9 - (-4 - -28 - 12))) + 12?
-28
Evaluate 2 - ((-80 - (-2 - (-7 + 5))) + (-77 - -84)).
75
What is 43 + -2 + -16 + 3 + (13 - 9) + 6?
38
Evaluate 61 + (-112 - -46) + 39 + 3.
37
Calculate 1 + 11 + 1 + (-68 - (23 - (19 + 17))).
-42
Evaluate 837 + -813 + (-1 - (-3 + (-2 - -4))) + -10.
14
What is (0 - -63) + (-4803 - -4761)?
21
Calculate -1 - ((68 - 31) + -39).
1
What is 257 + -280 + -11 + 0 + 87?
53
Calculate (-10 + 3 - (-60 - -30)) + -4 + 0.
19
What is 68 + (-21 - 141) - (-9 - 9)?
-76
What is 4 - (-11 + 33 + -24 + -36)?
42
-28 - (161 + -112 + 9)
-86
Evaluate -7 + (-10 - (-31 + (-10 - -25) - -17)).
-18
What is the value of -8 + 64 + ((-35 - -40) + -3 + -1 - 4)?
53
Evaluate (0 - -32) + (-83 - 118 - -123).
-46
-17 + 18 + 15 + (2 - 8 - (-36 + 162))
-116
What is the value of -144 - -183 - (-3 + 2)?
40
Evaluate 47 + 30 + -42 + -35.
0
Calculate -1 - (16 + -7 + -10 + 9 + -44).
35
What is (2 + 2 + -3 - 0) + -121 + -33 + 149?
-4
-132 - ((-12 - (-7 - -43)) + 33)
-117
-72 + (7 - (-23 - (-5 - 7) - -3))
-57
Evaluate -8 - (8 + 12 + 18 + 5 + -7).
-44
Evaluate -24 + 8 - (1 + -12) - (6 - -8).
-19
Calculate -3 - 3 - (89 - 92) - (2 + -19 + 2).
12
What is the value of 72 + (-214 - -151) - (-1 + 120)?
-110
What is 153 + -91 - (91 + -121)?
92
Calculate -2 + (-37 - -2) + (7742 - 7667).
38
Evaluate 43 - (170 - (16 + -29 + 38)).
-102
What is -12 + -11 + 15 + (0 - -2) + (-36 - -100)?
58
What is the value of -2 + (-1 - 25) - (-6 - (19 - 16))?
-19
What is the value of 76 + (-3 - (-1 + 3 - (18 + 12 + -20)))?
81
Evaluate -12 - ((-27 - 50) + 31).
34
Evaluate 13 - (-14 + (-11 + 29 - -16)).
-7
Calculate -26 - (14 - 6) - (77 - 50).
-61
-17 + 44 + (44 - 58) - 146
-133
What is the value of (-114 - -1 - -3) + (-2 - ((1 - -33) + -34))?
-112
Evaluate 85 - 88 - (-4 - (6 + (-2 - -1))).
6
Calculate (80 - 2) + (-10701 - -10574).
-49
What is (18 - (5 + -1 + (-36 - -26) - -16)) + 56?
64
Evaluate -58 - (-27 - -15) - (3 + -22 - -7).
-34
What is 127 - ((1 - -4) + (4 - -13) + -45)?
150
Evaluate -22 + 1 - (-2133 + 2146).
-34
What is the value of -14 - (-24 + -13 + (11 - -18)) - 55?
-61
What is the value of 39 - (44 - (15 - (-24 + 11)))?
23
What is -47 + (-36 - -36 - (-6 - (-14 - 4)))?
-59
-1 + -29 - -31 - 4 - -55
52
What is ((-44 - -70) + 16 + (-4 - 0) - 9) + -13?
16
What is the value of 561 + -83 + -307 + -35 + 1?
137
-5 - (-1 + 0 - (-25 + 65 - 19))
17
What is the value of -12 + (72 - (18 + 4)) - 22?
16
Calculate (2 + 0 - (0 - 21)) + 15 + -14.
24
Calculate (-4 - (1 - 1) - -99) + (-16 + 61 - 51).
89
Evaluate 32 + (-1 - 12 - (60 + -73) - 11).
21
Calculate 9 + 33 + 37 + -160.
-81
6 - (449 + -447 - (-3 + (52 - (3 + -4))))
54
What is the value of -9 - (-15 + 9) - (20 + -9)?
-14
What is -18 - -17 - (8 + -17) - 18?
-10
What is the value of -44 + (15 - (-5 - (7 + -9)))?
-26
What is the value of 13 + 6 + 7 + -20 + (-1 - -28)?
33
Calculate (31 - 70 - -38) + -7 - (-80 - (0 + 0)).
72
What is 19 - (19 - ((-7 - (-34 - -18)) + 43))?
52
Evaluate 24 - (15 + (16 - (-24 + -20))).
-51
What is the value of (2 - -5) + -23 + 4 + (102 - -1)?
91
Calculate 24 + 31 + -1 + (41 + -45 - -14 - 25).
39
What is the value of (-15 - -44 - (-93 - -72)) + 29?
79
13 + (-26 - (-1 - -40))
-52
What is the value of 47 - (135 + -122 + (2 + 1 - 8))?
39
What is (23 - 0) + -6 + -122 + (-12 + -1 - -7)?
-111
1 - 0 - -1 - (-41 - (-53 - -31))
21
Calculate (69 - 1 - 41) + -28.
-1
6 + 66 + (6 - 10) + -9 + (-5 - -18)
72
What is 21 + (6 - 40) - (-69 - (-3 + 5))?
58
Evaluate (-18 + -2 - -57) + -1 + -41.
-5
-4 + 11 + 25 + -31 - (-3 + -4 + 35)
-27
What is the value of (-33 - (-2 + (-82 - 5))) + -3?
53
What is the value of -18 - -32 - (-4 - (-13 + 9 + -4)) - -55?
65
Calculate 49 + -84 + (-12 - -51).
4
What is the value of 10 + (5 - 29) - -14?
0
What is the value of (1 + 3 - 3) + 7 + 10 + 10?
28
Calculate (-7 - -6 - -1) + (68 - 23) - (17 + -4).
32
Evaluate -18 + -1 + 0 + (-106 - (-191 - -135)).
-69
What is the value of -102 - (103 + -63 + -44 + (-5 - 0) + -2)?
-91
What is 9 + 68 + (84 - 166) + 77?
72
What is the value of -45 + 41 + (1 - -1) + 3 + 4?
5
What is the value of 5 + 0 + (-12 - (3 - 22) - -8 - 128)?
-108
What is -3 + -20 + (164 - 114) - 10?
17
What is the value of 92 + -134 + -26 + -33?
-101
Evaluate (1 - 24) + (-466 - -513) + (-3 - 133).
-112
(14 + -25 + 1 - -60) + -15
35
Evaluate -2 - (-12 + 28 + -136 - -8).
110
What is the value of 20 - -12 - 47 - (0 + -2)?
-13
Calculate 12 + -24 - (-5 - -8 - (-3 - (-9 - 4))).
-5
What is the value of 1 + 5 + (14 - 0 - (-41 + -24 + 69))?
16
What is the value of 101 + -5 - (-19 + 70)?
45
Calculate (12 - (4 - 5)) + (5 - -8 - -2).
28
-25 - ((1 - -3) + (-94 - -101) + (1 - 3))
-34
Evaluate 12 + (9 - (-8 + 24)).
5
What is 5 - 4 - -3 - (-40 + -15 + (-20 - -29))?
50
Calculate 0 + 45 - (2421 + -2363).
-13
What is the value of -83 - (132 - 194) - -91?
70
Evaluate (12 + -21 - -9 - 19) + 34.
15
What is the value of 0 + (0 + -2 - -8 - (37 + -16)) - -6?
-9
What is the value of (-178 - -37) + 1 - (-16 - -17)?
-141
What is the value of -57 + (9 - (19 - 88))?
21
What is the value of 108 + -18 + -10 - (7 - 1)?
74
What is (12 + (10 - 25) + 11 + -9 - 0) + -38?
-39
Calculate (2 - 106) + (0 + 15 + 7 - 8) + -3.
-93
Calculate -39 + (67 - -23) + -36.
15
Calculate 38 - -9 - (-27 - (-27 - -28)).
75
Evaluate (1 - 2) + 27 + -33 + -18 + (-3 - -26).
-2
What is the value of 47 - (-4 + -1 + 1 + (-42 - -48))?
45
What is the value of (-24 - (2 - (19 + -9))) + (-28 - -32) + 130?
118
Evaluate 121 + (-296 - (-193 + 51)).
-33
-41 + (26 - (8 - 18) - 8)
-13
Calculate -15 + 1 + 13 + -14.
-15
What is (-35 - (-7 + -6)) + 6 + -9?
-25
What is the value of -1 - (11 + 0 - 120)?
108
What is 0 - (43 + -99) - 97?
-41
What is 34 - (-24 - -34 - (4 + -6 + 1 + 12))?
35
Calculate 25 + -16 + 15 + -11 + (-6 - (-55 - 14)).
76
What is the value of (12 - -17) + 15 + -30 + 28?
42
What is the value of (26 - 19) + 78 + 4 + -25?
64
Evaluate 96 - (332 + -294 - (-3 - -11)).
66
38 + -13 + -5 + -5
15
What is the value of ((-16 - (-3 + -11)) + 22 - 14) + -49?
-43
What is (19 - ((344 - 292) + (-6 - 0))) + 6?
-21
Calculate 1 + (4 - 3) + (11 - (-25 + -13)).
51
Calculate -3 - (-7 + 6 + -85) - (-32 + 24).
91
-21 + 10 - (4 + 3 + (40 - 54))
-4
Evaluate -1078 + 1116 - (2 - 2).
38
What is (0 - 1) + (-25 - (-60 + 32))?
2
Evaluate (-22 - 32 - -27) + 3 - -31.
7
Evaluate 4 + -36 - (873 + -897).
-8
Calculate -11 - 0 - (-20 - (41 + -29 + (1 - 27))).
-5
What is the value of (-3 - -38) + -66 + 46 + 7?
22
What is the value of -3 + (17 - 3) + (-56 - (110 - 163))?
8
Evaluate (6 - 37 - 0 - (-30 + 40)) + -14 + 14.
-41
Evaluate 0 - (-33 + 9) - 36.
-12
What is the value of -3 - (-1 + -2) - (-4 + (10 - 10)) - -10?
14
Calculate -6 + -48 + 76 - (-14 + 94).
-58
What is -4 - (-10 - (-3 + 1 + 4) - (102 - 1))?
109
What is the value of 38 + (-2 - 1) - (-18 + 8 + 5)?
40
What is 90 - 0 - ((46 - 58) + (13 - 0))?
89
What is the value of 4 - -3 - (10 + 3) - -22?
16
Evaluate 94 + -122 + (-123 - -217).
66
What is -88 - (-159 + 69 + -68)?
70
Calculate 22 - (-18 - -32 - -27).
-19
Calculate 26 + (-12 - -32) + 25.
71
What is the value of (214 - 236) + (97 - 2) - (-2 - 9)?
84
-50 + (8 - (73 + -154))
39
141 - 147 - (-2 + 3 + -31)
24
What is -327 + 241 + ((1 - 2) + 2 - -8)?
-77
What is the value of -1 + -12 + -57 + 63 + -3 + -35?
-45
-5 - (30 - (-25 + -2 + 4))
-58
Evaluate -21 + 16 + -112 - (53 + -89).
-81
Calculate 7 - (-41 + 23 + -67 + 9 + -4).
87
Calculate (9 - 5 - 56) + 6 + 12.
-34
What is -1663 + 1683 + -64 + -10?
-54
Evaluate 12 + 13 + (-7 - (-7 + -1 + 6 + 4)).
16
Calculate -34 - (-53 + 20 + 51).
-52
25 - (7 + 24 + -68)
62
-14 + (-17 - -6) + 30 + 9
14
What is (-14405 - -14350) + 45 + -2?
-12
What is 1 + 5 + 26 - (-1 - -6 - (59 + -64))?
22
34 - ((-3 - -1) + (-2 - 10) + 4)
44
Evaluate 0 + (27 + 5 - 19) + -28 + 100.
85
Evaluate 48 + -7 + -4 + 8 - (3 + -12 - -5).
49
What is (0 - -82) + (214 + -357 - -142)?
81
Evaluate (3 + -12 - -17) + 2 + 69.
79
What is -1 - (27 - -8 - ((1 - (4 + -1)) + -6))?
-44
Evaluate -150 + 164 - ((-2 - -3 - -4) + -30).
39
Evaluate (-39 + (0 - 4) - -5) + (-74 + 69 - -16).
-27
(0 - (-97 - -8)) + -193
-104
What is the value of 220 + -15 + -214 + (2 - (59 - -1))?
-67
757 - 713 - (-1 + 24) - -104
125
Calculate 1 + 4 - (52 - (-11 + -43)).
-101
What